{"id":2494,"date":"2023-06-29T15:30:09","date_gmt":"2023-06-29T15:30:09","guid":{"rendered":"https:\/\/www.lafiracentrecomercial.com\/?post_type=portfolio&#038;p=2494"},"modified":"2024-04-02T13:47:30","modified_gmt":"2024-04-02T13:47:30","slug":"encara-no-has-provat-els-nous-restaurants-de-la-fira","status":"publish","type":"portfolio","link":"https:\/\/www.lafiracentrecomercial.com\/ca\/portfolio-item\/encara-no-has-provat-els-nous-restaurants-de-la-fira\/","title":{"rendered":"Encara no has provat els nous restaurants de La Fira?"},"content":{"rendered":"\t\t<div data-elementor-type=\"wp-post\" data-elementor-id=\"2494\" class=\"elementor elementor-2494\">\n\t\t\t\t\t\t<section class=\"elementor-section elementor-top-section elementor-element elementor-element-4600cb8e elementor-section-boxed elementor-section-height-default elementor-section-height-default\" data-id=\"4600cb8e\" data-element_type=\"section\" data-e-type=\"section\">\n\t\t\t\t\t\t<div class=\"elementor-container elementor-column-gap-default\">\n\t\t\t\t\t<div class=\"elementor-column elementor-col-100 elementor-top-column elementor-element elementor-element-54ac51b4\" data-id=\"54ac51b4\" data-element_type=\"column\" data-e-type=\"column\">\n\t\t\t<div class=\"elementor-widget-wrap elementor-element-populated\">\n\t\t\t\t\t\t<div class=\"elementor-element elementor-element-a0d6312 elementor-widget elementor-widget-heading\" data-id=\"a0d6312\" data-element_type=\"widget\" data-e-type=\"widget\" data-widget_type=\"heading.default\">\n\t\t\t\t<div class=\"elementor-widget-container\">\n\t\t\t\t\t<h1 class=\"elementor-heading-title elementor-size-default\">Encara no has provat els nous restaurants de La Fira?<\/h1>\t\t\t\t<\/div>\n\t\t\t\t<\/div>\n\t\t\t\t<div class=\"elementor-element elementor-element-56a7e18 elementor-widget elementor-widget-image\" data-id=\"56a7e18\" data-element_type=\"widget\" data-e-type=\"widget\" data-widget_type=\"image.default\">\n\t\t\t\t<div class=\"elementor-widget-container\">\n\t\t\t\t\t\t\t\t\t\t\t\t\t\t\t<img fetchpriority=\"high\" decoding=\"async\" width=\"1200\" height=\"675\" src=\"https:\/\/www.lafiracentrecomercial.com\/wp-content\/uploads\/2023\/06\/RESTAURACION-AGENDA-WEB-Adaptaciones-La-Fira_Agenda-1920x1080-CAT-1-1200x675.webp\" class=\"attachment-large size-large wp-image-4399\" alt=\"Restaurants\" srcset=\"https:\/\/www.lafiracentrecomercial.com\/wp-content\/uploads\/2023\/06\/RESTAURACION-AGENDA-WEB-Adaptaciones-La-Fira_Agenda-1920x1080-CAT-1-1200x675.webp 1200w, https:\/\/www.lafiracentrecomercial.com\/wp-content\/uploads\/2023\/06\/RESTAURACION-AGENDA-WEB-Adaptaciones-La-Fira_Agenda-1920x1080-CAT-1-500x281.webp 500w, https:\/\/www.lafiracentrecomercial.com\/wp-content\/uploads\/2023\/06\/RESTAURACION-AGENDA-WEB-Adaptaciones-La-Fira_Agenda-1920x1080-CAT-1-300x169.webp 300w, https:\/\/www.lafiracentrecomercial.com\/wp-content\/uploads\/2023\/06\/RESTAURACION-AGENDA-WEB-Adaptaciones-La-Fira_Agenda-1920x1080-CAT-1-768x432.webp 768w, https:\/\/www.lafiracentrecomercial.com\/wp-content\/uploads\/2023\/06\/RESTAURACION-AGENDA-WEB-Adaptaciones-La-Fira_Agenda-1920x1080-CAT-1-1536x864.webp 1536w, https:\/\/www.lafiracentrecomercial.com\/wp-content\/uploads\/2023\/06\/RESTAURACION-AGENDA-WEB-Adaptaciones-La-Fira_Agenda-1920x1080-CAT-1-133x75.webp 133w, https:\/\/www.lafiracentrecomercial.com\/wp-content\/uploads\/2023\/06\/RESTAURACION-AGENDA-WEB-Adaptaciones-La-Fira_Agenda-1920x1080-CAT-1-480x270.webp 480w, https:\/\/www.lafiracentrecomercial.com\/wp-content\/uploads\/2023\/06\/RESTAURACION-AGENDA-WEB-Adaptaciones-La-Fira_Agenda-1920x1080-CAT-1.webp 1921w\" sizes=\"(max-width:767px) 480px, (max-width:1200px) 100vw, 1200px\" \/>\t\t\t\t\t\t\t\t\t\t\t\t\t\t\t<\/div>\n\t\t\t\t<\/div>\n\t\t\t\t<div class=\"elementor-element elementor-element-8f0e16f elementor-widget elementor-widget-spacer\" data-id=\"8f0e16f\" data-element_type=\"widget\" data-e-type=\"widget\" data-widget_type=\"spacer.default\">\n\t\t\t\t<div class=\"elementor-widget-container\">\n\t\t\t\t\t\t\t<div class=\"elementor-spacer\">\n\t\t\t<div class=\"elementor-spacer-inner\"><\/div>\n\t\t<\/div>\n\t\t\t\t\t\t<\/div>\n\t\t\t\t<\/div>\n\t\t\t\t<section class=\"elementor-section elementor-inner-section elementor-element elementor-element-5279239 elementor-section-boxed elementor-section-height-default elementor-section-height-default\" data-id=\"5279239\" data-element_type=\"section\" data-e-type=\"section\">\n\t\t\t\t\t\t<div class=\"elementor-container elementor-column-gap-default\">\n\t\t\t\t\t<div class=\"elementor-column elementor-col-100 elementor-inner-column elementor-element elementor-element-c40197a\" data-id=\"c40197a\" data-element_type=\"column\" data-e-type=\"column\">\n\t\t\t<div class=\"elementor-widget-wrap elementor-element-populated\">\n\t\t\t\t\t\t<div class=\"elementor-element elementor-element-2d0b0fa elementor-widget elementor-widget-heading\" data-id=\"2d0b0fa\" data-element_type=\"widget\" data-e-type=\"widget\" data-widget_type=\"heading.default\">\n\t\t\t\t<div class=\"elementor-widget-container\">\n\t\t\t\t\t<h3 class=\"elementor-heading-title elementor-size-default\">MARXANT UNA TAULA!\nDescobreix els restaurants de La Fira Centre Comercial<\/h3>\t\t\t\t<\/div>\n\t\t\t\t<\/div>\n\t\t\t\t<div class=\"elementor-element elementor-element-65b7760 elementor-widget elementor-widget-text-editor\" data-id=\"65b7760\" data-element_type=\"widget\" data-e-type=\"widget\" data-widget_type=\"text-editor.default\">\n\t\t\t\t<div class=\"elementor-widget-container\">\n\t\t\t\t\t\t\t\t\t<p style=\"font-weight: 400;\">Ja ten\u00edem restaurants per als addictes a la pasta, la pizza i les burgers\u2026 per\u00f2 ara\u2026 ENS HEM VINGUT A dalt!<\/p><p style=\"font-weight: 400;\">Veuen ja a La Fira Centre Comercial gaudeix dels millors sabors del Jap\u00f3 de la m\u00e0 de <a href=\"https:\/\/www.lafiracentrecomercial.com\/ca\/portfolio-item\/sushisom\/\" target=\"_blank\" rel=\"noopener\">Sushisom<\/a>, de les millors combinacions de caf\u00e8 que t&#8217;ofereix <a href=\"https:\/\/www.lafiracentrecomercial.com\/ca\/portfolio-item\/nescafe\/\" target=\"_blank\" rel=\"noopener\">Nescaf\u00e9<\/a>, del millor iogurt carregat de toppings de <a href=\"https:\/\/www.lafiracentrecomercial.com\/ca\/portfolio-item\/llagurt\/\" target=\"_blank\" rel=\"noopener\">Llagurt<\/a> i de les delicioses croissant de <a href=\"https:\/\/www.lafiracentrecomercial.com\/ca\/portfolio-item\/drac-nam\/\" target=\"_blank\" rel=\"noopener\">Drac\u00d1am<\/a>!<\/p><p style=\"font-weight: 400;\">No ho pensis m\u00e9s! Veuen de shopping i acaba amb la panxa b\u00e9 plena de la millor oferta gastron\u00f2mica de Reus!<\/p><p style=\"font-weight: 400;\"><strong>Experi\u00e8ncia Gastron\u00f2mica Renovada:<\/strong><\/p><p style=\"font-weight: 400;\">Una de les principals atraccions del Centre Comercial La Fira Centre Comercial sempre ha estat la seva variada oferta gastron\u00f2mica, i amb la restauraci\u00f3 en curs, aquesta experi\u00e8ncia s&#8217;est\u00e0 renovant i millorant encara m\u00e9s. Des de delicioses hamburgueses gurmet fins a aut\u00e8ntic menjar itali\u00e0, pizza acabada de coure, acollidores cafeteries i una irresistible croissanteria, La Fira Centre Comercial est\u00e0 llesta per a satisfer tots els antulls culinaris.<\/p><p style=\"font-weight: 400;\"><strong>Hamburgueses de Somni:<\/strong><\/p><p style=\"font-weight: 400;\">Si ets un amant de les hamburgueses, est\u00e0s de sort. La Fira Centre Comercial est\u00e0 presentant una nova selecci\u00f3 d&#8217;hamburgueses artesanals, elaborades amb els millors ingredients i sabors innovadors que et faran aigua la boca. Ja sigui que prefereixis una cl\u00e0ssica cheeseburger o una creaci\u00f3 m\u00e9s extravagant, trobar\u00e0s l&#8217;hamburguesa perfecta per a satisfer el teu apetit.<\/p><p style=\"font-weight: 400;\"><strong>Sabor Aut\u00e8ntic Itali\u00e0:<\/strong><\/p><p style=\"font-weight: 400;\">Els amants de la cuina italiana tamb\u00e9 trobaran molt a gaudir en La Fira. Des de delicioses pastes fins a pizzes al forn de llenya i plats tradicionals, l&#8217;autenticitat i el sabor estan garantits en cada mos. Submergeix-te en la rica cultura culin\u00e0ria d&#8217;It\u00e0lia mentre gaudeixes d&#8217;un menjar en un dels restaurants italians de La Fira.<\/p><p style=\"font-weight: 400;\"><strong>Entreteniment per a Tots:<\/strong><\/p><p style=\"font-weight: 400;\">A m\u00e9s de la seva exquisida oferta gastron\u00f2mica, La Fira Centre Comercial tamb\u00e9 ofereix una \u00e0mplia gamma d&#8217;activitats d&#8217;entreteniment per a tota la fam\u00edlia. Des de pista de bitlles fins a cinema, hi ha alguna cosa per a tots els gustos i edats. Gaudeix d&#8217;una tarda de diversi\u00f3 i riures amb els teus sers estimats mentre explores tot el que La Fira Centre Comercial t\u00e9 per a oferir.<\/p><p style=\"font-weight: 400;\">En resum, la restauraci\u00f3 de La Fira Centre Comercial est\u00e0 transformant aquest ic\u00f2nic dest\u00ed en un lloc encara m\u00e9s emocionant i delici\u00f3s per a gaudir de compres, entreteniment i bon menjar. Des d&#8217;hamburgueses gurmet fins a aut\u00e8ntica cuina italiana, cafeteries acollidores i activitats d&#8217;entreteniment per a tota la fam\u00edlia, La Fira Centre Comercial t\u00e9 quelcom per tots els gustos i apetits. T&#8217;esperem amb els bra\u00e7os oberts i els sabors m\u00e9s deliciosos!<\/p><p>#Restaurants #Alimentaci\u00f3<\/p>\t\t\t\t\t\t\t\t<\/div>\n\t\t\t\t<\/div>\n\t\t\t\t\t<\/div>\n\t\t<\/div>\n\t\t\t\t\t<\/div>\n\t\t<\/section>\n\t\t\t\t\t<\/div>\n\t\t<\/div>\n\t\t\t\t\t<\/div>\n\t\t<\/section>\n\t\t\t\t<\/div>\n\t\t","protected":false},"excerpt":{"rendered":"<p>MARXANT UNA TAULA!<\/p>\n","protected":false},"author":1,"featured_media":4401,"menu_order":0,"comment_status":"closed","ping_status":"closed","template":"","meta":[],"portfolio-types":[65,67],"class_list":["post-2494","portfolio","type-portfolio","status-publish","has-post-thumbnail","hentry","portfolio-types-agenda","portfolio-types-otros-agenda"],"featured_img_url":"https:\/\/www.lafiracentrecomercial.com\/wp-content\/uploads\/2023\/06\/RESTAURACION-AGENDA-WEB-Adaptaciones-La-Fira_Boton-Agenda-1200x1200-CAT-1.webp","custom_meta":{"contentDirectorios":"","planta":"","local":"","idTienda":""},"publishpress_future_action":{"enabled":false,"date":"2026-05-07 16:40:54","action":"change-status","newStatus":"draft","terms":[],"taxonomy":"portfolio-types","extraData":[]},"publishpress_future_workflow_manual_trigger":{"enabledWorkflows":[]},"_links":{"self":[{"href":"https:\/\/www.lafiracentrecomercial.com\/ca\/wp-json\/wp\/v2\/portfolio\/2494","targetHints":{"allow":["GET"]}}],"collection":[{"href":"https:\/\/www.lafiracentrecomercial.com\/ca\/wp-json\/wp\/v2\/portfolio"}],"about":[{"href":"https:\/\/www.lafiracentrecomercial.com\/ca\/wp-json\/wp\/v2\/types\/portfolio"}],"author":[{"embeddable":true,"href":"https:\/\/www.lafiracentrecomercial.com\/ca\/wp-json\/wp\/v2\/users\/1"}],"replies":[{"embeddable":true,"href":"https:\/\/www.lafiracentrecomercial.com\/ca\/wp-json\/wp\/v2\/comments?post=2494"}],"version-history":[{"count":37,"href":"https:\/\/www.lafiracentrecomercial.com\/ca\/wp-json\/wp\/v2\/portfolio\/2494\/revisions"}],"predecessor-version":[{"id":5099,"href":"https:\/\/www.lafiracentrecomercial.com\/ca\/wp-json\/wp\/v2\/portfolio\/2494\/revisions\/5099"}],"wp:featuredmedia":[{"embeddable":true,"href":"https:\/\/www.lafiracentrecomercial.com\/ca\/wp-json\/wp\/v2\/media\/4401"}],"wp:attachment":[{"href":"https:\/\/www.lafiracentrecomercial.com\/ca\/wp-json\/wp\/v2\/media?parent=2494"}],"wp:term":[{"taxonomy":"portfolio-types","embeddable":true,"href":"https:\/\/www.lafiracentrecomercial.com\/ca\/wp-json\/wp\/v2\/portfolio-types?post=2494"}],"curies":[{"name":"wp","href":"https:\/\/api.w.org\/{rel}","templated":true}]}}

<div data-elementor-type="wp-post" data-elementor-id="2494" class="elementor elementor-2494">
						<section class="elementor-section elementor-top-section elementor-element elementor-element-4600cb8e elementor-section-boxed elementor-section-height-default elementor-section-height-default" data-id="4600cb8e" data-element_type="section" data-e-type="section">
						<div class="elementor-container elementor-column-gap-default">
					<div class="elementor-column elementor-col-100 elementor-top-column elementor-element elementor-element-54ac51b4" data-id="54ac51b4" data-element_type="column" data-e-type="column">
			<div class="elementor-widget-wrap elementor-element-populated">
						<div class="elementor-element elementor-element-a0d6312 elementor-widget elementor-widget-heading" data-id="a0d6312" data-element_type="widget" data-e-type="widget" data-widget_type="heading.default">
				<div class="elementor-widget-container">
					<h1 class="elementor-heading-title elementor-size-default">Encara no has provat els nous restaurants de La Fira?</h1>				</div>
				</div>
				<div class="elementor-element elementor-element-56a7e18 elementor-widget elementor-widget-image" data-id="56a7e18" data-element_type="widget" data-e-type="widget" data-widget_type="image.default">
				<div class="elementor-widget-container">
															<img fetchpriority="high" decoding="async" width="1200" height="675" src="https://www.lafiracentrecomercial.com/wp-content/uploads/2023/06/RESTAURACION-AGENDA-WEB-Adaptaciones-La-Fira_Agenda-1920x1080-CAT-1-1200x675.webp" class="attachment-large size-large wp-image-4399" alt="Restaurants" srcset="https://www.lafiracentrecomercial.com/wp-content/uploads/2023/06/RESTAURACION-AGENDA-WEB-Adaptaciones-La-Fira_Agenda-1920x1080-CAT-1-1200x675.webp 1200w, https://www.lafiracentrecomercial.com/wp-content/uploads/2023/06/RESTAURACION-AGENDA-WEB-Adaptaciones-La-Fira_Agenda-1920x1080-CAT-1-500x281.webp 500w, https://www.lafiracentrecomercial.com/wp-content/uploads/2023/06/RESTAURACION-AGENDA-WEB-Adaptaciones-La-Fira_Agenda-1920x1080-CAT-1-300x169.webp 300w, https://www.lafiracentrecomercial.com/wp-content/uploads/2023/06/RESTAURACION-AGENDA-WEB-Adaptaciones-La-Fira_Agenda-1920x1080-CAT-1-768x432.webp 768w, https://www.lafiracentrecomercial.com/wp-content/uploads/2023/06/RESTAURACION-AGENDA-WEB-Adaptaciones-La-Fira_Agenda-1920x1080-CAT-1-1536x864.webp 1536w, https://www.lafiracentrecomercial.com/wp-content/uploads/2023/06/RESTAURACION-AGENDA-WEB-Adaptaciones-La-Fira_Agenda-1920x1080-CAT-1-133x75.webp 133w, https://www.lafiracentrecomercial.com/wp-content/uploads/2023/06/RESTAURACION-AGENDA-WEB-Adaptaciones-La-Fira_Agenda-1920x1080-CAT-1-480x270.webp 480w, https://www.lafiracentrecomercial.com/wp-content/uploads/2023/06/RESTAURACION-AGENDA-WEB-Adaptaciones-La-Fira_Agenda-1920x1080-CAT-1.webp 1921w" sizes="(max-width:767px) 480px, (max-width:1200px) 100vw, 1200px" />															</div>
				</div>
				<div class="elementor-element elementor-element-8f0e16f elementor-widget elementor-widget-spacer" data-id="8f0e16f" data-element_type="widget" data-e-type="widget" data-widget_type="spacer.default">
				<div class="elementor-widget-container">
							<div class="elementor-spacer">
			<div class="elementor-spacer-inner"></div>
		</div>
						</div>
				</div>
				<section class="elementor-section elementor-inner-section elementor-element elementor-element-5279239 elementor-section-boxed elementor-section-height-default elementor-section-height-default" data-id="5279239" data-element_type="section" data-e-type="section">
						<div class="elementor-container elementor-column-gap-default">
					<div class="elementor-column elementor-col-100 elementor-inner-column elementor-element elementor-element-c40197a" data-id="c40197a" data-element_type="column" data-e-type="column">
			<div class="elementor-widget-wrap elementor-element-populated">
						<div class="elementor-element elementor-element-2d0b0fa elementor-widget elementor-widget-heading" data-id="2d0b0fa" data-element_type="widget" data-e-type="widget" data-widget_type="heading.default">
				<div class="elementor-widget-container">
					<h3 class="elementor-heading-title elementor-size-default">MARXANT UNA TAULA!
Descobreix els restaurants de La Fira Centre Comercial</h3>				</div>
				</div>
				<div class="elementor-element elementor-element-65b7760 elementor-widget elementor-widget-text-editor" data-id="65b7760" data-element_type="widget" data-e-type="widget" data-widget_type="text-editor.default">
				<div class="elementor-widget-container">
									<p style="font-weight: 400;">Ja teníem restaurants per als addictes a la pasta, la pizza i les burgers… però ara… ENS HEM VINGUT A dalt!</p><p style="font-weight: 400;">Veuen ja a La Fira Centre Comercial gaudeix dels millors sabors del Japó de la mà de <a href="https://www.lafiracentrecomercial.com/ca/portfolio-item/sushisom/" target="_blank" rel="noopener">Sushisom</a>, de les millors combinacions de cafè que t&#8217;ofereix <a href="https://www.lafiracentrecomercial.com/ca/portfolio-item/nescafe/" target="_blank" rel="noopener">Nescafé</a>, del millor iogurt carregat de toppings de <a href="https://www.lafiracentrecomercial.com/ca/portfolio-item/llagurt/" target="_blank" rel="noopener">Llagurt</a> i de les delicioses croissant de <a href="https://www.lafiracentrecomercial.com/ca/portfolio-item/drac-nam/" target="_blank" rel="noopener">DracÑam</a>!</p><p style="font-weight: 400;">No ho pensis més! Veuen de shopping i acaba amb la panxa bé plena de la millor oferta gastronòmica de Reus!</p><p style="font-weight: 400;"><strong>Experiència Gastronòmica Renovada:</strong></p><p style="font-weight: 400;">Una de les principals atraccions del Centre Comercial La Fira Centre Comercial sempre ha estat la seva variada oferta gastronòmica, i amb la restauració en curs, aquesta experiència s&#8217;està renovant i millorant encara més. Des de delicioses hamburgueses gurmet fins a autèntic menjar italià, pizza acabada de coure, acollidores cafeteries i una irresistible croissanteria, La Fira Centre Comercial està llesta per a satisfer tots els antulls culinaris.</p><p style="font-weight: 400;"><strong>Hamburgueses de Somni:</strong></p><p style="font-weight: 400;">Si ets un amant de les hamburgueses, estàs de sort. La Fira Centre Comercial està presentant una nova selecció d&#8217;hamburgueses artesanals, elaborades amb els millors ingredients i sabors innovadors que et faran aigua la boca. Ja sigui que prefereixis una clàssica cheeseburger o una creació més extravagant, trobaràs l&#8217;hamburguesa perfecta per a satisfer el teu apetit.</p><p style="font-weight: 400;"><strong>Sabor Autèntic Italià:</strong></p><p style="font-weight: 400;">Els amants de la cuina italiana també trobaran molt a gaudir en La Fira. Des de delicioses pastes fins a pizzes al forn de llenya i plats tradicionals, l&#8217;autenticitat i el sabor estan garantits en cada mos. Submergeix-te en la rica cultura culinària d&#8217;Itàlia mentre gaudeixes d&#8217;un menjar en un dels restaurants italians de La Fira.</p><p style="font-weight: 400;"><strong>Entreteniment per a Tots:</strong></p><p style="font-weight: 400;">A més de la seva exquisida oferta gastronòmica, La Fira Centre Comercial també ofereix una àmplia gamma d&#8217;activitats d&#8217;entreteniment per a tota la família. Des de pista de bitlles fins a cinema, hi ha alguna cosa per a tots els gustos i edats. Gaudeix d&#8217;una tarda de diversió i riures amb els teus sers estimats mentre explores tot el que La Fira Centre Comercial té per a oferir.</p><p style="font-weight: 400;">En resum, la restauració de La Fira Centre Comercial està transformant aquest icònic destí en un lloc encara més emocionant i deliciós per a gaudir de compres, entreteniment i bon menjar. Des d&#8217;hamburgueses gurmet fins a autèntica cuina italiana, cafeteries acollidores i activitats d&#8217;entreteniment per a tota la família, La Fira Centre Comercial té quelcom per tots els gustos i apetits. T&#8217;esperem amb els braços oberts i els sabors més deliciosos!</p><p>#Restaurants #Alimentació</p>								</div>
				</div>
					</div>
		</div>
					</div>
		</section>
					</div>
		</div>
					</div>
		</section>
				</div>
