{"id":2504,"date":"2023-06-29T15:33:41","date_gmt":"2023-06-29T15:33:41","guid":{"rendered":"https:\/\/www.lafiracentrecomercial.com\/?post_type=portfolio&#038;p=2504"},"modified":"2025-11-25T07:46:30","modified_gmt":"2025-11-25T07:46:30","slug":"vine-amb-cotxe-a-la-fira","status":"publish","type":"portfolio","link":"https:\/\/www.lafiracentrecomercial.com\/ca\/portfolio-item\/vine-amb-cotxe-a-la-fira\/","title":{"rendered":"Vine amb cotxe a La Fira"},"content":{"rendered":"\t\t<div data-elementor-type=\"wp-post\" data-elementor-id=\"2504\" class=\"elementor elementor-2504\">\n\t\t\t\t\t\t<section class=\"elementor-section elementor-top-section elementor-element elementor-element-4600cb8e elementor-section-boxed elementor-section-height-default elementor-section-height-default\" data-id=\"4600cb8e\" data-element_type=\"section\" data-e-type=\"section\">\n\t\t\t\t\t\t<div class=\"elementor-container elementor-column-gap-default\">\n\t\t\t\t\t<div class=\"elementor-column elementor-col-100 elementor-top-column elementor-element elementor-element-54ac51b4\" data-id=\"54ac51b4\" data-element_type=\"column\" data-e-type=\"column\">\n\t\t\t<div class=\"elementor-widget-wrap elementor-element-populated\">\n\t\t\t\t\t\t<div class=\"elementor-element elementor-element-a0d6312 elementor-widget elementor-widget-heading\" data-id=\"a0d6312\" data-element_type=\"widget\" data-e-type=\"widget\" data-widget_type=\"heading.default\">\n\t\t\t\t<div class=\"elementor-widget-container\">\n\t\t\t\t\t<h1 class=\"elementor-heading-title elementor-size-default\">APARCA TOT EL DIA PER 2,5\u20ac <\/h1>\t\t\t\t<\/div>\n\t\t\t\t<\/div>\n\t\t\t\t<div class=\"elementor-element elementor-element-55e2c68 elementor-widget elementor-widget-spacer\" data-id=\"55e2c68\" data-element_type=\"widget\" data-e-type=\"widget\" data-widget_type=\"spacer.default\">\n\t\t\t\t<div class=\"elementor-widget-container\">\n\t\t\t\t\t\t\t<div class=\"elementor-spacer\">\n\t\t\t<div class=\"elementor-spacer-inner\"><\/div>\n\t\t<\/div>\n\t\t\t\t\t\t<\/div>\n\t\t\t\t<\/div>\n\t\t\t\t<div class=\"elementor-element elementor-element-56a7e18 elementor-widget elementor-widget-image\" data-id=\"56a7e18\" data-element_type=\"widget\" data-e-type=\"widget\" data-widget_type=\"image.default\">\n\t\t\t\t<div class=\"elementor-widget-container\">\n\t\t\t\t\t\t\t\t\t\t\t\t\t\t\t<img decoding=\"async\" src=\"https:\/\/www.lafiracentrecomercial.com\/wp-content\/uploads\/2023\/06\/TARIFAS-PARKING-LA-FIRA-_RRSS-1920x1080-1.webp\" title=\"TARIFAS PARKING LA FIRA _RRSS 1920&#215;1080\" alt=\"Tarifas parking\" loading=\"lazy\" \/>\t\t\t\t\t\t\t\t\t\t\t\t\t\t\t<\/div>\n\t\t\t\t<\/div>\n\t\t\t\t<section class=\"elementor-section elementor-inner-section elementor-element elementor-element-5279239 elementor-section-boxed elementor-section-height-default elementor-section-height-default\" data-id=\"5279239\" data-element_type=\"section\" data-e-type=\"section\">\n\t\t\t\t\t\t<div class=\"elementor-container elementor-column-gap-default\">\n\t\t\t\t\t<div class=\"elementor-column elementor-col-100 elementor-inner-column elementor-element elementor-element-c40197a\" data-id=\"c40197a\" data-element_type=\"column\" data-e-type=\"column\">\n\t\t\t<div class=\"elementor-widget-wrap elementor-element-populated\">\n\t\t\t\t\t\t<div class=\"elementor-element elementor-element-2d0b0fa elementor-widget elementor-widget-heading\" data-id=\"2d0b0fa\" data-element_type=\"widget\" data-e-type=\"widget\" data-widget_type=\"heading.default\">\n\t\t\t\t<div class=\"elementor-widget-container\">\n\t\t\t\t\t<h3 class=\"elementor-heading-title elementor-size-default\">AMB UN TIQUET DE COMPRA DE 5\u20ac,\nTOT EL DIA PER 2,5\u20ac<\/h3>\t\t\t\t<\/div>\n\t\t\t\t<\/div>\n\t\t\t\t<div class=\"elementor-element elementor-element-65b7760 elementor-widget elementor-widget-text-editor\" data-id=\"65b7760\" data-element_type=\"widget\" data-e-type=\"widget\" data-widget_type=\"text-editor.default\">\n\t\t\t\t<div class=\"elementor-widget-container\">\n\t\t\t\t\t\t\t\t\t<p>Vine amb cotxe a La Fira i estaciona el teu vehicle en el nostre c\u00e8ntric aparcament. Presenta un tiquet de compra de 5\u20ac i podr\u00e0s deixar el teu cotxe tot el dia per nom\u00e9s 2,5\u20ac!I aix\u00f2 no \u00e9s tot! Amb l&#8217;entrada de Cinemes Axion aparcar\u00e0s tot el dia per 0,50\u20ac. Aprofita-ho sempre que vulguis, perqu\u00e8 aquesta promoci\u00f3 \u00e9s v\u00e0lida de dilluns a diumenge!<\/p><p>#Modaiaccessoris #Tecnologies #Esportifitness #llaridecoracio #salutibellessa #familiainens #Ocioyentretenimiento #Restaurants #Serveis #Promocions #P\u00e0rquing #Alimentaci\u00f3 #Causessocials<\/p>\t\t\t\t\t\t\t\t<\/div>\n\t\t\t\t<\/div>\n\t\t\t\t\t<\/div>\n\t\t<\/div>\n\t\t\t\t\t<\/div>\n\t\t<\/section>\n\t\t\t\t<div class=\"elementor-element elementor-element-8f0e16f elementor-widget elementor-widget-spacer\" data-id=\"8f0e16f\" data-element_type=\"widget\" data-e-type=\"widget\" data-widget_type=\"spacer.default\">\n\t\t\t\t<div class=\"elementor-widget-container\">\n\t\t\t\t\t\t\t<div class=\"elementor-spacer\">\n\t\t\t<div class=\"elementor-spacer-inner\"><\/div>\n\t\t<\/div>\n\t\t\t\t\t\t<\/div>\n\t\t\t\t<\/div>\n\t\t\t\t\t<\/div>\n\t\t<\/div>\n\t\t\t\t\t<\/div>\n\t\t<\/section>\n\t\t\t\t<\/div>\n\t\t","protected":false},"excerpt":{"rendered":"<p>AMB UN TIQUET DE COMPRA DE 5\u20ac,<br \/>\nTOT EL DIA PER 2,5\u20ac<\/p>\n","protected":false},"author":1,"featured_media":4305,"menu_order":0,"comment_status":"closed","ping_status":"closed","template":"","meta":[],"portfolio-types":[71,79,68,69],"class_list":["post-2504","portfolio","type-portfolio","status-publish","has-post-thumbnail","hentry","portfolio-types-botigues-promocions","portfolio-types-oci-promocions","portfolio-types-promocions","portfolio-types-restaurants-promocions"],"featured_img_url":"https:\/\/www.lafiracentrecomercial.com\/wp-content\/uploads\/2023\/06\/TARIFAS-PARKING-LA-FIRA-_RRSS-1200x1200-1.webp","custom_meta":{"contentDirectorios":"","planta":"","local":"","idTienda":""},"publishpress_future_action":{"enabled":false,"date":"2026-05-07 23:30:31","action":"change-status","newStatus":"draft","terms":[],"taxonomy":"portfolio-types","extraData":[]},"publishpress_future_workflow_manual_trigger":{"enabledWorkflows":[]},"_links":{"self":[{"href":"https:\/\/www.lafiracentrecomercial.com\/ca\/wp-json\/wp\/v2\/portfolio\/2504","targetHints":{"allow":["GET"]}}],"collection":[{"href":"https:\/\/www.lafiracentrecomercial.com\/ca\/wp-json\/wp\/v2\/portfolio"}],"about":[{"href":"https:\/\/www.lafiracentrecomercial.com\/ca\/wp-json\/wp\/v2\/types\/portfolio"}],"author":[{"embeddable":true,"href":"https:\/\/www.lafiracentrecomercial.com\/ca\/wp-json\/wp\/v2\/users\/1"}],"replies":[{"embeddable":true,"href":"https:\/\/www.lafiracentrecomercial.com\/ca\/wp-json\/wp\/v2\/comments?post=2504"}],"version-history":[{"count":61,"href":"https:\/\/www.lafiracentrecomercial.com\/ca\/wp-json\/wp\/v2\/portfolio\/2504\/revisions"}],"predecessor-version":[{"id":4312,"href":"https:\/\/www.lafiracentrecomercial.com\/ca\/wp-json\/wp\/v2\/portfolio\/2504\/revisions\/4312"}],"wp:featuredmedia":[{"embeddable":true,"href":"https:\/\/www.lafiracentrecomercial.com\/ca\/wp-json\/wp\/v2\/media\/4305"}],"wp:attachment":[{"href":"https:\/\/www.lafiracentrecomercial.com\/ca\/wp-json\/wp\/v2\/media?parent=2504"}],"wp:term":[{"taxonomy":"portfolio-types","embeddable":true,"href":"https:\/\/www.lafiracentrecomercial.com\/ca\/wp-json\/wp\/v2\/portfolio-types?post=2504"}],"curies":[{"name":"wp","href":"https:\/\/api.w.org\/{rel}","templated":true}]}}

<div data-elementor-type="wp-post" data-elementor-id="2504" class="elementor elementor-2504">
						<section class="elementor-section elementor-top-section elementor-element elementor-element-4600cb8e elementor-section-boxed elementor-section-height-default elementor-section-height-default" data-id="4600cb8e" data-element_type="section" data-e-type="section">
						<div class="elementor-container elementor-column-gap-default">
					<div class="elementor-column elementor-col-100 elementor-top-column elementor-element elementor-element-54ac51b4" data-id="54ac51b4" data-element_type="column" data-e-type="column">
			<div class="elementor-widget-wrap elementor-element-populated">
						<div class="elementor-element elementor-element-a0d6312 elementor-widget elementor-widget-heading" data-id="a0d6312" data-element_type="widget" data-e-type="widget" data-widget_type="heading.default">
				<div class="elementor-widget-container">
					<h1 class="elementor-heading-title elementor-size-default">APARCA TOT EL DIA PER 2,5€ </h1>				</div>
				</div>
				<div class="elementor-element elementor-element-55e2c68 elementor-widget elementor-widget-spacer" data-id="55e2c68" data-element_type="widget" data-e-type="widget" data-widget_type="spacer.default">
				<div class="elementor-widget-container">
							<div class="elementor-spacer">
			<div class="elementor-spacer-inner"></div>
		</div>
						</div>
				</div>
				<div class="elementor-element elementor-element-56a7e18 elementor-widget elementor-widget-image" data-id="56a7e18" data-element_type="widget" data-e-type="widget" data-widget_type="image.default">
				<div class="elementor-widget-container">
															<img decoding="async" src="https://www.lafiracentrecomercial.com/wp-content/uploads/2023/06/TARIFAS-PARKING-LA-FIRA-_RRSS-1920x1080-1.webp" title="TARIFAS PARKING LA FIRA _RRSS 1920&#215;1080" alt="Tarifas parking" loading="lazy" />															</div>
				</div>
				<section class="elementor-section elementor-inner-section elementor-element elementor-element-5279239 elementor-section-boxed elementor-section-height-default elementor-section-height-default" data-id="5279239" data-element_type="section" data-e-type="section">
						<div class="elementor-container elementor-column-gap-default">
					<div class="elementor-column elementor-col-100 elementor-inner-column elementor-element elementor-element-c40197a" data-id="c40197a" data-element_type="column" data-e-type="column">
			<div class="elementor-widget-wrap elementor-element-populated">
						<div class="elementor-element elementor-element-2d0b0fa elementor-widget elementor-widget-heading" data-id="2d0b0fa" data-element_type="widget" data-e-type="widget" data-widget_type="heading.default">
				<div class="elementor-widget-container">
					<h3 class="elementor-heading-title elementor-size-default">AMB UN TIQUET DE COMPRA DE 5€,
TOT EL DIA PER 2,5€</h3>				</div>
				</div>
				<div class="elementor-element elementor-element-65b7760 elementor-widget elementor-widget-text-editor" data-id="65b7760" data-element_type="widget" data-e-type="widget" data-widget_type="text-editor.default">
				<div class="elementor-widget-container">
									<p>Vine amb cotxe a La Fira i estaciona el teu vehicle en el nostre cèntric aparcament. Presenta un tiquet de compra de 5€ i podràs deixar el teu cotxe tot el dia per només 2,5€!I això no és tot! Amb l&#8217;entrada de Cinemes Axion aparcaràs tot el dia per 0,50€. Aprofita-ho sempre que vulguis, perquè aquesta promoció és vàlida de dilluns a diumenge!</p><p>#Modaiaccessoris #Tecnologies #Esportifitness #llaridecoracio #salutibellessa #familiainens #Ocioyentretenimiento #Restaurants #Serveis #Promocions #Pàrquing #Alimentació #Causessocials</p>								</div>
				</div>
					</div>
		</div>
					</div>
		</section>
				<div class="elementor-element elementor-element-8f0e16f elementor-widget elementor-widget-spacer" data-id="8f0e16f" data-element_type="widget" data-e-type="widget" data-widget_type="spacer.default">
				<div class="elementor-widget-container">
							<div class="elementor-spacer">
			<div class="elementor-spacer-inner"></div>
		</div>
						</div>
				</div>
					</div>
		</div>
					</div>
		</section>
				</div>
